- 4*s**2 - 3*s + 4. Let c be f(6). Suppose -8*a + 3*a - 20 = 0. What is the remainder when (76/24 - a/(-24)) + c is divided by 8?
5
Let w = -180 - -188. What is the remainder when 1292/w + 3/6 is divided by 59?
44
Let j(a) = 1668*a + 3358. Calculate the remainder when 7002 is divided by j(-2).
6
Suppose 0 = -4*n + n + 27. Let m(q) = q**3 - 10*q**2 + 9*q + 7. Suppose 0 = 7*f - 89 - 100. What is the remainder when f is divided by m(n)?
6
Suppose -17*c + 262 = 103*c - 938. Calculate the remainder when 1835 is divided by c.
5
Let a = -15161 - -15171. Calculate the remainder when (-20)/8*114/(-5) is divided by a.
7
Let o = -5058 - -5103. Calculate the remainder when 600 is divided by o.
15
Let u = -1224 - -770. Let m = u + 514. Calculate the remainder when 65 is divided by m.
5
Let s = 2641 - 2622. Let g be (-1)/4 + (-1902)/(-24). Let b = g + -45. Calculate the remainder when b is divided by s.
15
Suppose 2*b - 2*u + 2 = 0, 2*u + 21 = 5*b + 8. Let x = -1 - -3. What is the remainder when b is divided by x?
1
Let l = 445 - 438. Suppose 26 = -l*m + 61. Let w(c) = 2*c**2 - 4. What is the remainder when w(-4) is divided by m?
3
Let r = -344 + 245. Let y be -51*6/10*(-110)/r. Let z = -1 - y. What is the remainder when 129 is divided by z?
30
Let u = -12709 + 12756. What is the remainder when 172 is divided by u?
31
Let t(g) = -g**2 + 62*g - 744. Suppose z + 3*z - 88 = 0. What is the remainder when t(32) is divided by z?
18
Suppose 12 = 5*x - b, -5*b - 12 = -3*x + 4. Suppose x*k - 10 = 10. What is the remainder when 62 is divided by 8 + -5 - k/(-2)?
6
Let s(n) = -4*n + 61. Let g be s(13). Suppose -4*c = g*c - 1508. Calculate the remainder when c is divided by 39.
38
Let j = 575 + -184. Suppose j = 17*l - 374. What is the remainder when 109 is divided by l?
19
Let c be 0/((6/1)/(-3 - -6)). Calculate the remainder when 23 - (c + 9 + -5) is divided by 2.
1
Let d(p) = -14*p - 8*p**3 + 13*p**3 - 3*p**3 - 6*p + 18*p**2 + 3. What is the remainder when 6 is divided by d(-10)?
0
Suppose -5*g + 2172 = -3*c - 8682, -g = -c - 2168. What is the remainder when g is divided by 271?
7
Let o(i) = 1 - i**2 + i + 5*i**2 - 3. Let f = 9452 - 9450. What is the remainder when 79 is divided by o(f)?
15
Let o = -76 + 110. Let k = o - 31. Suppose -v - 87 = -k*n + 51, 4*v = 12. Calculate the remainder when n is divided by 9.
2
Suppose 6*l = 6*l - 9*l + 1611. Let k(g) = -g**3 + 11*g**2 - 7*g - 4. Calculate the remainder when l is divided by k(10).
23
Let g be 814/14 - ((-12)/(-28))/3. Suppose -42*j - g = -44*j. Calculate the remainder when 80 is divided by j.
22
Let x be 5*(-1)/2*-2. Suppose 6*z + 105 = m + 5*z, 0 = -3*m - x*z + 275. Let q = m - 95. Calculate the remainder when 7 is divided by q.
2
Let w(t) = 19*t. Let g be (13/(-130)*5)/((-2)/(-168)). Calculate the remainder when w(1) is divided by (g/(-49))/((-12)/(-56)).
3
Let j(n) = -12*n**3 + 18*n**2 - 23*n - 46. Calculate the remainder when 481 is divided by j(-2).
145
Suppose 125*q + 2130 = 155*q. Calculate the remainder when 292 is divided by q.
8
Suppose 24*t - 6270 = -42*t. What is the remainder when 1040 is divided by t?
90
Let a = -12258 - -13849. What is the remainder when a is divided by 1579?
12
Let n(v) = -v**2 + 9*v + 16. Let i be n(10). Let u(o) = -2*o**2 + 12*o - 5. Let s be u(i). Let w = 36 - s. Calculate the remainder when w is divided by 6.
5
Suppose 129*f + 26424 = 31842. Calculate the remainder when f is divided by (-3)/(-3)*(-26)/(-2).
3
Suppose -134*u + 1369 = 3*f - 138*u, -f - 2*u + 463 = 0. Calculate the remainder when f is divided by 95.
79
Let p(y) = 3*y + 15. Let h be p(10). Suppose -h - 19 = 4*a. Let t = 4 - a. What is the remainder when t is divided by 7?
6
Let m(p) = -7*p - 1. Let f(x) = x**3 + 9*x**2 + 6*x + 31. Let l be f(-6). Suppose -7 = -22*r + l. Calculate the remainder when m(-2) is divided by r.
3
Let b = -31 + 49. Suppose -b*g + 1428 = -4*g. What is the remainder when g is divided by 21?
18
Let f = 2571 + -2506. What is the remainder when -51*1/(1/(-5)) is divided by f?
60
Let z = 88 + -59. Suppose -f = -2*f + z. Suppose 5643 = -42*t + 75*t. Calculate the remainder when t is divided by f.
26
Suppose 0 = 73*p - 2492 - 4550 - 2156. Calculate the remainder when p is divided by 55.
16
Suppose n = -3*j + 10, 5 + 5 = -2*n. Let b = 7 - j. Suppose -3*k = -b*k - 22. What is the remainder when 85 is divided by k?
19
Suppose 302 = -4*c - p + 759, -2*c + 3*p = -211. Let z = 360 - 242. Suppose z = 5*m - 2*m - v, -v - 40 = -m. What is the remainder when c is divided by m?
35
Suppose -3 = 2*k + 3, -2*k - 50 = 4*o. Let v(p) be the first derivative of -p**2/2 - 4*p - 76. What is the remainder when v(o) is divided by 3?
1
Let s = -4301 + 4315. Calculate the remainder when 1451 is divided by s.
9
Calculate the remainder when ((-23632)/84)/(12/(-36)) is divided by 294.
256
Let t(x) be the third derivative of x**4/4 - x**3 - 11*x**2. What is the remainder when t(10) is divided by 4*284/80 - 3/15?
12
Let g be 0*(-3 + (-8)/(-2)) - -5. Let a(x) = x**3 - 5*x**2 - 5*x + 6. Let m be a(g). Let v = 23 - m. Calculate the remainder when v is divided by 13.
3
Let u(g) be the first derivative of -9*g**2/2 + 7*g - 7. Suppose 12*r = 6*r - 12. What is the remainder when 198 is divided by u(r)?
23
Let f(k) = -2*k**2 - 2*k - 2. Let n be f(1). What is the remainder when 100 is divided by -30*(9/3)/n?
10
Suppose 0 = -5*b + n + 238, 3*b - 2*n + 76 = 223. Let y(v) = -108*v - 200. Calculate the remainder when b is divided by y(-2).
15
Calculate the remainder when 1/(-7)*(-22 + (-20 - 2275)) is divided by 12.
7
Suppose -38*i + 40*i = 14. Calculate the remainder when 1914 is divided by i.
3
Let o = 121 - 37. Calculate the remainder when o - (1 - 10)/(-3) is divided by 18.
9
Let u(w) = w**3 + 13*w**2 + 9*w + 14. Let j be u(-12). Let g = j + -29. Let q(v) = -v**3 + 8*v**2 - 2*v - 12. Calculate the remainder when g is divided by q(2).
5
Suppose 0 = -5*l - 3*d + 145, d = -5*l + 138 - 3. What is the remainder when 139 is divided by l?
9
Let f = -12885 + 12905. What is the remainder when 19633 is divided by f?
13
What is the remainder when 187 is divided by -22*((-6)/(-8) + (-135)/60)?
22
Let u(j) = -j**2 - 150*j - 3683. What is the remainder when u(-89) is divided by 80?
66
Let z = 69 + -64. Suppose i + 5 = z*f, -f - 3*i = -114 + 113. What is the remainder when 11 is divided by f?
0
Suppose 0 = -91*w + 94*w + 15, -3*w - 30 = -n. What is the remainder when 7738 is divided by n?
13
Let d = 148 - 138. Suppose -c + 1 = a - 9, c + d = -5*a. Calculate the remainder when 148 is divided by c.
13
Let z = -1755 - -1963. Calculate the remainder when z is divided by 97.
14
Suppose 0 = 5*k - 0*j - 3*j + 5, 5*k = 2*j. Let p(i) = -785*i**2 + 10 + i + 786*i**2 - k - 3. Calculate the remainder when 65 is divided by p(3).
14
Suppose -2*o = g - 52 - 15, 100 = 3*o + g. Calculate the remainder when ((-11)/o)/((-71)/(-72) - 1) is divided by 9.
6
Let n(b) = -b**3 + 11*b**2 + 15*b - 21. Let d = -144 - -156. What is the remainder when 57 is divided by n(d)?
12
Suppose -211*t - 320*t - 58*t + 75981 = 0. Let p = -61 - -95. Calculate the remainder when t is divided by p.
27
Let d(x) = 6*x**2 + 249*x - 1329. Suppose 4*p - 602 = 142. Calculate the remainder when p is divided by d(5).
54
Let t(x) = x**2 + 18*x + 81. Let l be t(-18). Suppose -7*c - l + 375 = 0. What is the remainder when 69 is divided by c?
27
Let f be (1 + -2)*245/(-1 - 4). What is the remainder when 6/(-1) + 4 + f is divided by 24?
23
Let f = -18 + -64. Let h = -66 - f. Let s = 52 + -22. What is the remainder when s is divided by h?
14
Suppose 117 = -11*d + 62*d - 1107. Calculate the remainder when 1025 is divided by d.
17
Let r = 501 - 720. Let x = -411 - r. Calculate the remainder when (x/30)/((-1)/10) is divided by 18.
10
Suppose 10*j - 9*j + 4*f = -8, 0 = -5*j + 4*f - 16. Let l be 3/j + 58*168/(-64). Let q = -115 - l. Calculate the remainder when q is divided by 14.
10
What is the remainder when (-113)/(((-215)/(-225) - 1)/(12/15)) is divided by 51?
45
What is the remainder when (11 + 292)*-10*6/(-10) is divided by 25?
18
Let i = -275 - -82. Let j = i + 336. Calculate the remainder when j is divided by 6.
5
Suppose -7*s - 3*b + 4 = -5*s, -5*b - 5 = s. What is the remainder when 372 is divided 